t f be w(r). Calculate the greatest common factor of i and f.
6
Let o(a) = -12*a + 185. Let t be o(34). Suppose 5*l + 448 = -3*r, -4*r - l - 191 = 412. Let c = r - t. Calculate the highest common factor of 12 and c.
12
Let o(u) = -4 + 4 + 3*u**2 + u**2 - 7 + u**3 - 2*u. Suppose -3282 = -7*h - 3261. Let t be o(h). Calculate the highest common divisor of t and 50.
50
Let t(h) = h**3 + 18*h**2 + h - 148. Let r be t(-17). Suppose -131*j + r*j = -112. Calculate the highest common factor of j and 400.
16
Let x(r) = r**3 + 20*r**2 - 14*r + 65. Let w be x(-21). Let z = w + 99. What is the highest common divisor of 1 and z?
1
Let p = 81 - 78. Let f be (-1750)/(-42) + 1/p. Let u be (-46)/(-6)*3 + -2. What is the greatest common factor of f and u?
21
Suppose -w = -l + 24, -3*w + 8 = w. Suppose 23*f - l*f = -117. Let j be (14 - 12)/(2/f). Calculate the highest common factor of 13 and j.
13
Let q = 20 - 14. Let n be 73*-1*(q + -3 + -4). Suppose -n = -3*a - 28. Calculate the highest common factor of 105 and a.
15
Let h(j) = j**2 + 50*j - 596. Let d be h(10). Let x(t) = t**2 + 7*t. Let v be x(-5). Let p = 26 + v. Calculate the greatest common factor of p and d.
4
Let a = -2847 - -2894. Suppose 1585 = 3*b - 1658. Calculate the greatest common divisor of b and a.
47
Let v = 40 - 35. Let h = -3 - -16. Suppose 58 = v*c + h. What is the highest common divisor of c and 1?
1
Let k = -39 - -75. Let x be ((-5)/20 - 18/(-8))*2. What is the greatest common factor of x and k?
4
Let m be (-2)/(-4)*(72 + -12). Suppose -37*h = -11*h - 1820. Calculate the greatest common divisor of m and h.
10
Suppose 3*b = 3*d + 201, 3*d - 63 = -b - 8. Suppose 12*z - 6*z = -678. Let i = z - -121. What is the highest common divisor of b and i?
8
Suppose 107*d - 401647 = 207932. What is the greatest common factor of 27 and d?
27
Let y be (24/(-20))/(10/(-225)). Let o be ((y/(-12))/1)/(18/48). Let w be o + 45 + 2 + 1/(-1). Calculate the highest common factor of w and 8.
8
Let m be (42/(-28))/((6/(-4))/3). Suppose -416 = -m*o + 112. Calculate the highest common factor of o and 16.
16
Let v(i) = -4*i + 103. Let p(r) = 5*r - 104. Let l(q) = 3*p(q) + 4*v(q). Let x be l(42). What is the greatest common divisor of 406 and x?
58
Let a = -2109 + 2114. Calculate the greatest common factor of a and 364.
1
Suppose -1435 + 1334 = -5*r - 2*p, -4*r - p = -82. Calculate the greatest common divisor of r and 8190.
21
Suppose 278*z - 6781 = 28447 - 6872. What is the greatest common divisor of 8466 and z?
102
Let i be (-13526)/(-10) + 32/80. What is the highest common divisor of i and 33?
33
Suppose 0 = -14*b + 28 + 28. Suppose -6*m - 4*w = -b*m + 6, 5*w + 24 = 3*m. Calculate the highest common factor of m and 39.
3
Suppose -c - 4*o = -164, 0 = 2*c + 9*o - 6*o - 343. Let m(y) = -5*y - 14. Let a be m(-5). Suppose u - a = -0*u. What is the highest common divisor of u and c?
11
Let f = 45 - 39. Let n be (-100 + 10)*(-4)/f. Suppose -4*z = x - 69, 4*x + n = 2*z + 3*z. What is the greatest common factor of z and 16?
16
Let q be (-42)/4 - 1*(-9)/(-6). Let i = -21 - 6. Let p be ((-16)/q)/((-1)/i). What is the greatest common divisor of p and 324?
36
Let d = -5 - 43. Let m(y) = 46*y + 6. Let h be m(2). Let t = d + h. What is the highest common factor of 125 and t?
25
Suppose z - 3 = 0, 53*i - 52*i = -8*z + 32. What is the greatest common factor of 4808 and i?
8
Let h be 15/(-2)*(-136)/340. Calculate the greatest common divisor of 363 and h.
3
Let d(l) = -334*l - 746. Let o be d(-8). What is the greatest common divisor of o and 72?
18
Let v be (6/(-4))/(6/(-140)). Suppose -v*m + 1560 = -23*m. What is the greatest common divisor of m and 26?
26
Suppose 0 = -5*i - 4*m, 3*i - i - 3*m = 0. Let l(j) = -3*j + 61. Let h be l(i). Calculate the highest common factor of 488 and h.
61
Let t be ((-48)/(-10) + -4)/(2/25). Let d be 68*(-2 - 1/(-4)*t). Suppose -6*v + 146 = -d. Calculate the highest common divisor of v and 75.
15
Let o be (-18)/(-12)*(4 - (2 - 4)). Suppose 989 = 4*l + 4*j - j, -4*l + 1024 = -4*j. Suppose l = -5*t + 836. What is the greatest common factor of t and o?
9
Let k(t) = -52*t + 60. Let r be k(9). Let x = 418 + r. What is the highest common factor of x and 80?
10
Let z(l) = l**2 + 7*l + 35. Let i be z(-12). Suppose 92*w - i*w + 21 = 0. What is the greatest common factor of w and 1057?
7
Suppose -14960*d + 14924*d + 2772 = 0. Let t = -29 + 50. Calculate the greatest common divisor of d and t.
7
Suppose -2*t - 4*x + 2 + 8 = 0, 5 = t - x. Let a(y) = 9*y**2 - y + 18. Let m be a(t). Calculate the greatest common factor of m and 14.
14
Let i = -10 + 6. Let l be 20/(i + -1) - -5. Let r be l + (-54)/(-2) + -1. Calculate the greatest common factor of r and 3.
3
Suppose 5*r + 7 = 3*n + 2, 0 = -3*r - 2*n + 16. Suppose 56*z = 55*z + r. Suppose -z*i + 176 - 128 = 0. What is the greatest common factor of 108 and i?
12
Suppose -73*x + 92*x = 33117. Calculate the greatest common factor of x and 147.
21
Let n(g) = g**3 + g**2 - g + 64. Let m be n(0). Let z be 1/4*-6*-128. Suppose 2*u - 26*u + z = 0. Calculate the greatest common factor of u and m.
8
Suppose 0 = -5*g + 3*y - 18, 9 + 1 = -g - y. Let v be (-5)/10 + (-693)/g. Suppose -5*o = -0*o - v. What is the greatest common factor of o and 161?
23
Suppose -14*t = -15*t - 5*c + 3528, c = 6. What is the highest common factor of t and 12?
6
Let o be 2/(-1)*1 - -58. Let d = -69 - -117. Suppose 6*w = -0*w + d. Calculate the highest common factor of w and o.
8
Let v(n) be the second derivative of 3*n**4/4 - n**3/6 - 15*n + 37. Let o be -5*((-12)/(-5) - 2). Let t be v(o). What is the greatest common factor of t and 57?
19
Suppose 2*n - y + 4 = -0*n, 0 = -3*n + y - 4. Suppose n = 36*v - 15*v - 798. What is the greatest common factor of v and 304?
38
Let h be -48*(-13 - (-19)/2). What is the highest common factor of 696 and h?
24
Let u(w) = w + 31. Let m be u(-33). Let o be ((-14)/4 - m)/(7/(-966)). What is the greatest common divisor of o and 9?
9
Let o(s) = 2*s**3 - 32*s**2 + 56*s + 42. Let x be o(14). Calculate the highest common factor of x and 532.
14
Let m = -102 + 134. Let s be m/8*-1 + 2*11. Calculate the greatest common divisor of 24 and s.
6
Let d be (-12)/27 + 248/72. Let q(y) = -4*y**2 - 24*y**d + 23*y**3 + y + y. Let v be q(-5). What is the highest common factor of v and 5?
5
Let p(g) = g**3 - 4*g**2 - 2*g - 13. Let s be p(5). Suppose -2*c - m + 164 = 0, 5*c = 2*c + s*m + 239. What is the greatest common divisor of 108 and c?
27
Let z = -318 + 184. Let l = -70 - z. What is the greatest common divisor of l and 16?
16
Suppose 52 = 4*n - 3*o, -5*n - 4*o - 16 = -7*n. Suppose 9*k = 5*k + 4*c + n, 0 = 4*c - 4. What is the greatest common divisor of k and 4?
1
Let d(a) = -5*a + 0*a - 4 + 6 + a**2. Let m be d(6). Let o(h) = -10268*h - 975432. Let q be o(-95). What is the highest common divisor of q and m?
4
Let k(x) = 67*x - 412. Let s be k(7). Calculate the highest common factor of 3477 and s.
57
Let t = 27257 + -27249. Let l be ((-100)/12)/((-2)/24). What is the highest common factor of t and l?
4
Suppose 124 + 101 = 3*v. Suppose -123 + v = -3*k. Let f = 188 + -108. Calculate the greatest common divisor of k and f.
16
Suppose -2*i + 4*u = -20, 2*i - 6 = 3*u + 12. Suppose d + 2890 = i*d. Suppose -5*w = -197 - d. What is the highest common divisor of w and 31?
31
Let j(t) be the first derivative of 10*t**3/3 + 129*t**2/2 + 14*t + 142. Let a be j(-13). What is the highest common factor of 297 and a?
27
Suppose -2*g = -197*y + 195*y - 2796, -2*g + 5*y = -2814. Calculate the greatest common factor of 36 and g.
12
Let i be (-30)/(-195) + 6/(-39) - -425. Let o(r) = r**2 + 1. Let z be o(-4). Calculate the highest common factor of i and z.
17
Let r = 495 - 24. Let s = 567 - r. What is the greatest common factor of s and 32?
32
Let v(s) = s**3 + 7*s**2 - 3*s - 3. Let j be v(-7). Suppose -13*a + 16*a = 3*z + 33, 0 = 5*a + 2*z - 34. Calculate the highest common factor of j and a.
2
Let y = -9 - -13. Suppose 94 = g + y. Suppose -1863 = 337*r - 5233. What is the highest common divisor of g and r?
10
Let b be 15*1*(-8)/(-3). Let y be 179 + (-2 - -2 - (4 - 5)). Let n = y + -170. Calculate the highest common divisor of n and b.
10
Let p = 61 - 59. Let w be (7 - -13)/(p/47). What is the highes